.
10
Let y(x) = -728*x + 49497. Determine y(68).
-7
Let h(o) = 3*o**2 + 604*o + 13680. Determine h(-26).
4
Let v(p) = 2*p**2 + 165*p - 967. Give v(-88).
1
Let i(b) = b**3 - 45*b**2 - 100*b + 225. Determine i(47).
-57
Let i(w) = 26*w - 507. Calculate i(29).
247
Let m(z) = -4*z**2 + 5*z + 35. Give m(-3).
-16
Let q(h) = 5*h + 271. What is q(-43)?
56
Let l(h) = -h**3 - 10*h**2 - 7*h - 5. What is l(-1)?
-7
Let b(w) = -4*w + 277. What is b(70)?
-3
Let t(n) = 2*n**2 - 5792*n + 80690. Give t(14).
-6
Let d(u) = 171*u**2 - 21*u + 21. Calculate d(1).
171
Let a(o) = 95*o**3 - 197*o**2 + o + 26. Give a(2).
0
Let r(t) = 111*t + 5113. Calculate r(-46).
7
Let n(q) = 2*q + 120. What is n(-28)?
64
Let q(b) = -110*b + 552. Calculate q(5).
2
Let i(b) = 136*b - 937. Give i(7).
15
Let v(l) = -250*l - 383. Give v(-2).
117
Let o(i) = -21*i**2 - 102*i + 9. Calculate o(-5).
-6
Let n(l) = l**3 + 7*l**2 + 26*l + 21. Calculate n(-2).
-11
Let j(v) = 122*v + 1026. What is j(0)?
1026
Let p(k) = -283*k - 5062. Give p(-18).
32
Let y(n) = 2315*n + 6934. Calculate y(-3).
-11
Let b(k) = -2*k**3 + 96*k**2 + k - 53. Give b(48).
-5
Let p(z) = 4539*z + 4546. Give p(-1).
7
Let c(q) = -27*q + 70. What is c(6)?
-92
Let x(g) = -5*g**2 - 54*g - 45. Determine x(-4).
91
Let v(s) = -3*s**3 + 83*s**2 + 84*s + 100. What is v(29)?
-828
Let d(u) = u**3 + 4*u**2 + u - 18. What is d(-4)?
-22
Let o(i) = 5*i**2 - 82*i + 197. What is o(4)?
-51
Let r(s) = -197*s. What is r(-1)?
197
Let r(k) = -k**2 - 42*k - 210. Give r(-29).
167
Let m(h) = h**3 - 43*h**2 + 48*h - 216. What is m(42)?
36
Let l(b) = -b**3 - 8*b**2 + 13*b - 5. Calculate l(-10).
65
Let u(z) = -58*z - 1064. Determine u(-19).
38
Let r(q) = 56*q + 391. What is r(-7)?
-1
Let v(z) = -2*z**3 + z**2 - z + 16. Give v(0).
16
Let l(y) = y**3 - 28*y**2 - 29*y - 5. Determine l(29).
-5
Let h(b) = b**3 - 19*b**2 + 26*b - 141. What is h(18)?
3
Let z(a) = 2*a**2 - 34*a + 34. What is z(0)?
34
Let m(o) = -2*o**3 + 27*o**2 - 38*o - 131. Give m(11).
56
Let l(r) = 3*r - 133. Determine l(43).
-4
Let h(l) = -5*l**2 + 57*l + 286. Give h(-5).
-124
Let z(s) = 177*s**2 + 5*s. Give z(-1).
172
Let j(m) = -m**3 + 12*m**2 + 15*m - 193. Give j(12).
-13
Let n(w) = 14*w + 2037. What is n(-144)?
21
Let g(s) = -s**3 - 12*s**2 - 7*s - 1. Determine g(-12).
83
Let l(i) = -8*i**3 + 15*i**2 - i + 4. Give l(3).
-80
Let y(j) = 3*j**2 + 373*j - 1121. Calculate y(-127).
-105
Let c(m) = -2*m**3 + 33*m + 22. What is c(-5)?
107
Let i(a) = 7*a**2 - 93*a - 24. Give i(12).
-132
Let z(h) = h**2 - 27*h - 66. Determine z(16).
-242
Let w(d) = 9*d**2 + 38*d + 223. Calculate w(-8).
495
Let s(z) = -143*z - 2135. What is s(-15)?
10
Let u(p) = -61*p**2 - 12*p - 13. What is u(-1)?
-62
Let i(o) = o**2 + 16*o - 16. What is i(-16)?
-16
Let j(h) = -135*h - 2555. Determine j(-19).
10
Let j(w) = 1950*w + 27252. Determine j(-14).
-48
Let u(i) = 2*i**2 + 38*i - 2. What is u(0)?
-2
Let v(m) = -36*m**2 - 154*m - 17. Calculate v(-4).
23
Let m(q) = q**3 - 34*q**2 + 83*q - 492. Calculate m(32).
116
Let u(f) = -6*f**2 + 114*f + 480. Give u(-4).
-72
Let t(j) = 5*j**2 + 13*j + 11. Give t(-5).
71
Let x(k) = -k**2 + 45*k - 368. What is x(11)?
6
Let p(j) = -3*j**3 - 6*j**2 - 35*j - 200. Determine p(-7).
780
Let m(w) = w**3 + 4*w**2 - 18*w + 11. Give m(-6).
47
Let x(y) = y**3 + 2*y**2 - 13*y + 1. What is x(6)?
211
Let q(s) = -s**2 - 20*s - 24. Give q(-27).
-213
Let j(w) = -214*w**2 + 216*w - 10. Calculate j(1).
-8
Let h(u) = -21*u**2 - 444*u + 13. What is h(-21)?
76
Let u(s) = -2*s**2 - 144*s + 3116. Calculate u(-89).
90
Let b(k) = -356*k + 6052. Calculate b(17).
0
Let c(a) = a**2 + 16*a - 151. Determine c(7).
10
Let j(s) = -2*s**3 - 250*s**2 - 491*s + 88. Calculate j(-123).
-35
Let h(s) = 6*s**3 + 2*s**2 - s + 1. Give h(1).
8
Let p(o) = 4127*o + 28886. Determine p(-7).
-3
Let g(v) = 10*v**2 - 790*v + 5. Give g(79).
5
Let a(r) = r**3 - 90*r**2 - 4*r + 365. Determine a(90).
5
Let z(s) = s + 29. Give z(7).
36
Let w(p) = -1458*p + 29195. What is w(20)?
35
Let z(d) = d**2 + 7*d. What is z(-11)?
44
Let k(o) = -60*o + 332. Determine k(7).
-88
Let i(n) = n**3 + n**2 - 6*n + 113. What is i(-7)?
-139
Let o(r) = -2*r**3 + 161*r**2 - 82*r + 228. Give o(80).
68
Let j(m) = -1539*m + 9229. What is j(6)?
-5
Let t(x) = -x**2 - 17*x - 71. Give t(11).
-379
Let d(t) = t**3 + 15*t**2 - 5*t + 2. Give d(-15).
77
Let n(p) = -6*p + 43. Determine n(20).
-77
Let f(n) = 6*n**3 + 175*n**2 - 147*n + 96. Give f(-30).
6
Let h(q) = 2*q**3 + 78*q**2 + 73*q - 103. Determine h(-38).
11
Let t(j) = -28*j**2 + 425*j - 65. What is t(15)?
10
Let g(i) = i**2 + 62*i + 894. What is g(-36)?
-42
Let s(q) = -22*q**2 + 31*q - 9. Determine s(2).
-35
Let r(d) = d**2 + 28*d + 137. Give r(-20).
-23
Let n(w) = 285*w**2 + 1700*w - 30. Determine n(-6).
30
Let v(a) = -3*a**2 - 50*a - 48. Give v(-13).
95
Let b(y) = -61*y - 716. Calculate b(-12).
16
Let c(t) = 217*t + 3844. Give c(-18).
-62
Let b(q) = 65*q + 349. Determine b(-5).
24
Let n(a) = 24*a - 1331. Give n(55).
-11
Let q(j) = j**3 - 8*j**2 - 2*j + 88. Give q(6).
4
Let q(m) = -209*m + 1. Give q(-1).
210
Let i(x) = -x**2 - 122*x - 124. Determine i(-121).
-3
Let b(j) = -15*j - 10. Determine b(-2).
20
Let w(i) = 941*i - 16950. Determine w(18).
-12
Let o(a) = -38*a - 596. What is o(-15)?
-26
Let h(i) = -144*i + 35730. Determine h(248).
18
Let y(f) = -f**2 + 3*f + 35. Give y(0).
35
Let c(l) = -2*l**3 + 13*l**2 - 4*l - 123. Calculate c(6).
-111
Let f(u) = u**3 + 27*u**2 + 182*u + 78. What is f(-16)?
-18
Let x(v) = v**3 + 31*v**2 + 75*v - 35. Determine x(-28).
217
Let m(j) = -25*j - 67. Determine m(-5).
58
Let d(o) = -o - 59. What is d(-74)?
15
Let w(q) = -684*q + 4773. Calculate w(7).
-15
Let j(b) = -299*b + 2046. Calculate j(7).
-47
Let n(g) = -5*g**2 + 99*g + 20. What is n(20)?
0
Let y(o) = -10*o + 82. Determine y(11).
-28
Let a(v) = -1351*v + 25676. Determine a(19).
7
Let n(m) = -28*m**2 + 223*m - 77. Give n(8).
-85
Let u(w) = -405*w - 22351. Calculate u(-55).
-76
Let k(s) = -155*s + 129. Calculate k(1).
-26
Let c(w) = -2*w**2 - 1186*w - 9401. What is c(-8)?
-41
Let t(x) = -27*x - 1745. Give t(-64).
-17
Let z(f) = -226*f - 1332. Give z(-6).
24
Let l(t) = t**2 - 63*t + 593. What is l(12)?
-19
Let y(w) = -2*w**3 - 3*w**2 + 702*w - 13. Calculate y(18).
-13
Let u(d) = -4*d**3 - 2*d**2 - 5*d + 4. What is u(-3)?
109
Let m(x) = -51*x**2 + 35*x - 27. What is m(1)?
-43
Let d(m) = 7*m + 268. Determine d(26).
450
Let c(j) = 23*j**2 + 177*j - 9. Determine c(-9).
261
Let z(y) = 59*y - 2338. Calculate z(40).
22
Let r(b) = b**3 + 14*b**2 + 57*b + 197. Determine r(-10).
27
Let m(y) = 147*y - 3226. Calculate m(22).
8
Let n(o) = 1197*o - 8. Give n(0).
-8
Let y(w) = 10*w**2 - 13*w + 14. Give y(4).
122
Let u(g) = -4*g**3 + 64*g**2 + 26*g - 377. Calculate u(16).
39
Let h(z) = 40*z + 190. Give h(-4).
30
Let x(o) = 1172*o - 6097. Determine x(5).
-237
Let r(q) = -28*q + 512. Give r(28).
-272
Let j(h) = -2*h**3 - 17*h**2 + 31*h + 19. Determine j(-10).
9
Let j(n) = -4*n - 214. Determine j(-58).
18
Let c(s) = s**2 + 146*s - 2229. Give c(13).
-162
Let x(l) = -1673*l + 6699. Give x(4).
7
Let w(p) = -93*p + 1673. Give w(18).
-1
Let m(y) = 38*y - 671. Calculate m(19).
51
Let i(y) = 5*y - 121. Give i(14).
-51
Let j(v) = v**3 + 8*v**2 - 25*v + 87. Calculate j(-11).
-1
Let y(v) = -10*v**2 + 15*v - 6. Give y(-2).
-76
Let p(x) = -14*x**2 - 660*x - 94. Calculate p(-47).
0
Let q(w) = 6*w**2 - 27*w + 16. Determine q(2).
-14
Let g(v) = v**3 - 2*v**2 + 7*v - 114. What is g(0)?
-114
Let i(d) = 320*d - 33613. What is i(105)?
-13
Let a(w) = 1313*w + 35465. Determine a(-27).
14
Let c(h) = -146*h + 17311. Determine c(118).
83
Let z(y) = 2*y**2 + 63*y - 108. Calculate z(-36).
216
Let d(g) = -24*g - 373. Determine d(10).
-613
Let b(g) = -2*g**3 + 240*g**2 + 4*g - 23. What is b(120)?
457
Let w(u) = u**2 - 94*u + 915. What is w(11)?
2
Let v(m) = m**2 + 6*m - 89. Determine v(6).
-17
Let p(r) = -r**3 - 81*r**2 + 341*r + 89. What is p(-85)?
4
Let v(t) = -t**3 - 10*t**2 - 21*t - 152. Determine v(-10).
58
Let s(z) = z**2 - 12*z + 34. Give s(17).
119
Let n(b) = b**3 + 21*b**2 - 46*b - 100. Give n(-23).
-100
Let g(h) = 8*h - 77. What is g(-10)?
-157
Let a(j) = -1802*j - 142366. Determine a(-79).
-8
Let s(p) = -10*p**2 + 480*p + 21. What is s(49)?
-469
Let m(u) = -31*u - 31